What is 3711376 (base 8) in base 14?
1c7d70
What is 23014 (base 8) in base 11?
7355
What is 1111111111101010001 (base 2) in base 7?
4312012
Convert -12201 (base 3) to base 7.
-310
-95102b (base 16) to base 9
-20338487
Convert 20222000011 (base 3) to base 15.
2a921
714538 (base 11) to base 5
243213333
What is 150633 (base 10) in base 6?
3121213
Convert 93a9 (base 12) to base 3.
211002210
-9da5 (base 16) to base 12
-1b431
What is -1552511 (base 9) in base 16?
-d24b4
101001010100010000 (base 2) to base 13
5c04b
What is 11100101000000001 (base 2) in base 8?
345001
-211110132 (base 4) to base 2
-100101010100011110
What is 11113111203 (base 4) in base 14?
288707
9a9137 (base 15) to base 8
34075015
Convert 100100011010101000101 (base 2) to base 5.
301141120
632537 (base 14) to base 2
1100110001100011100101
-224553 (base 8) to base 13
-2886b
What is -1001101000110110000101 (base 2) in base 16?
-268d85
What is -321240004 (base 5) in base 15?
-1bab1e
Convert 2311235 (base 7) to base 3.
112122212102
Convert a48a70 (base 11) to base 5.
412243014
What is 1a6dc1 (base 15) in base 11?
800481
What is 34340140 (base 5) in base 11?
1a1003
Convert 12330210 (base 6) to base 10.
400542
Convert 133012302312 (base 4) to base 7.
126211311
Convert 111010112102 (base 3) to base 2.
111111000110010111
What is 9619a2 (base 11) in base 6?
53000513
102011212202010 (base 3) to base 13
1300719
Convert -1eb99 (base 16) to base 12.
-609b5
Convert c614 (base 15) to base 6.
521501
Convert -1012212112112 (base 3) to base 5.
-131201030
Convert -102c37c (base 13) to base 8.
-22567471
What is e0a7a (base 15) in base 4?
2231213023
What is 58005 (base 12) in base 13?
41642
What is -21753163 (base 8) in base 13?
-c8ab95
Convert -101011100111011 (base 2) to base 14.
-81d1
-585c5f (base 16) to base 13
-1279a24
-21022001220112 (base 3) to base 12
-1370912
Convert 21634412 (base 7) to base 13.
5081b4
36a56 (base 12) to base 10
74082
Convert 1301341222 (base 5) to base 9.
5834605
What is 19349b (base 14) in base 16?
d9f31
Convert 130662 (base 10) to base 4.
133321212
What is 11100200120110 (base 3) in base 12?
938656
What is 10b394b (base 13) in base 3?
100200121022110
-321153541 (base 6) to base 4
-111211331011
4266030 (base 9) to base 16
22e80d
Convert -1110101101101111011 (base 2) to base 5.
-110412141
-23245132 (base 7) to base 8
-7632156
Convert 210001320 (base 6) to base 2.
1101111000100011010000
What is 44054234 (base 6) in base 8?
5006016
What is 422220 (base 6) in base 14?
c67a
Convert 11204310 (base 5) to base 15.
1ec05
What is 113a3 (base 13) in base 14?
b62a
Convert -4494c (base 16) to base 11.
-182061
Convert -22013112230 (base 4) to base 14.
-4d0456
10d78 (base 16) to base 8
206570
Convert 2324243 (base 5) to base 9.
64204
What is 2112022000011 (base 3) in base 14?
26dc80
-872ed (base 16) to base 10
-553709
What is 3930a0 (base 15) in base 14?
51601b
What is -85a70 (base 11) in base 7?
-1030431
What is 855862 (base 10) in base 16?
d0f36
-1550593 (base 10) to base 15
-20967d
What is -3056665 (base 7) in base 11?
-230aa6
Convert 1240042 (base 5) to base 7.
131062
Convert -221212002102122 (base 3) to base 6.
-1210301242
-757058 (base 9) to base 11
-289087
-521737 (base 9) to base 13
-aac6b
-460058 (base 10) to base 13
-131531
-1100101011010100001 (base 2) to base 8
-1453241
What is -2002332032 (base 4) in base 9?
-1006788
-1873443 (base 9) to base 6
-34315450
Convert 2523b (base 14) to base 7.
526204
What is -11311142234 (base 5) in base 16?
-c6376f
-475401 (base 8) to base 14
-43357
-22d07 (base 15) to base 4
-123011110
767538 (base 9) to base 4
1233320030
What is -833 (base 15) in base 6?
-12320
110030044 (base 5) to base 8
1627171
-111123330032 (base 4) to base 5
-2414310340
Convert -743838 (base 9) to base 5.
-103124312
Convert 122347 (base 8) to base 14.
11555
d8eced (base 15) to base 7
153531004
-312891 (base 10) to base 12
-1310a3
Convert 164fc6 (base 16) to base 14.
2a0c3c
What is 2b337d (base 16) in base 8?
12631575
Convert -110013211 (base 4) to base 14.
-22061
What is -2001202211021 (base 3) in base 8?
-4140022
-15770745 (base 9) to base 10
-7900052
What is 203121320 (base 4) in base 6?
3035212
Convert 7511201 (base 11) to base 4.
302130013331
What is 186262 (base 13) in base 10?
613381
Convert 126560 (base 11) to base 8.
604516
Convert -2211210202 (base 3) to base 10.
-55991
Convert -3780a (base 13) to base 14.
-29480
Convert 51065127 (base 8) to base 4.
221012221113
What is -848492 (base 11) in base 12?
-555bb9
-11110554 (base 8) to base 12
-976a64
30531633 (base 7) to base 2
1001110001100111100000
10001100011101011 (base 2) to base 3
10122122112
-55880 (base 11) to base 15
-18e96
20201224 (base 5) to base 16
27b81
10a35aa (base 11) to base 3
10121200102201
What is -3250440 (base 7) in base 13?
-10c692
What is -101001000011000100 (base 2) in base 11?
-105358
397bb (base 12) to base 10
78911
-466656 (base 9) to base 10
-280473
Convert -219743 (base 15) to base 6.
-54153500
What is 245556 (base 9) in base 16?
243db
-1d3035 (base 15) to base 4
-11130203123
What is 143222201 (base 5) in base 6?
24124201
What is -62325421 (base 8) in base 2?
-110010011010101100010001
Convert -44488 (base 16) to base 10.
-279688
-98a772 (base 15) to base 12
-2529b5b
12c9c (base 13) to base 15
a60c
-248229 (base 15) to base 7
-20602236
-1110101000001101 (base 2) to base 3
-10001012011
100010230130 (base 4) to base 16
404b1c
1140551 (base 7) to base 13
50912
-262516 (base 11) to base 3
-202222211220
What is -1701a74 (base 12) in base 16?
-4830b8
What is -20132050 (base 7) in base 14?
-317397
What is -4067573 (base 9) in base 6?
-114305320
-1110000110111001100 (base 2) to base 16
-70dcc
Convert -4420030144 (base 5) to base 9.
-18840045
1470502 (base 9) to base 11
506604
-23023000 (base 6) to base 11
-440264
1058a (base 14) to base 15
ba98
What is -2310307 (base 8) in base 16?
-990c7
What is -11001111000000101000 (base 2) in base 4?
-3033000220
-45a5 (base 16) to base 3
-220110100
-9dc8dd (base 15) to base 12
-2634654
12231200 (base 4) to base 9
41632
What is 11102200320 (base 4) in base 3?
2121102222210
Convert -1431423330 (base 5) to base 4.
-32122310000
What is -185032 (base 10) in base 6?
-3544344
5dd621 (base 16) to base 7
103162024
Convert -812013 (base 9) to base 15.
-97533
What is 3346519 (base 10) in base 14?
631811
506472 (base 8) to base 4
220310322
Convert 223080 (base 9) to base 2.
100000100101100111
What is 1669744 (base 10) in base 5?
411412434
-110011101101010000 (base 2) to base 3
-101202112011
What is -2670305 (base 8) in base 2?
-10110111000011000101
Convert -ceaa3 (base 15) to base 5.
-132012103
31b01 (base 14) to base 5
12321044
Convert -1bb52c (base 16) to base 12.
-736a10
What is -123131322 (base 4) in base 3?
-12201022220
What is -54334a (base 11) in base 16?
-d3f85
What is -9b151 (base 12) in base 8?
-622015
Convert 104344000 (base 5) to base 9.
778482
Convert -ae8d4 (base 15) to base 12.
-229577
Convert 2435252 (base 6) to base 8.
374720
Convert -12102221022 (base 4) to base 3.
-10002210022110
What is 11120313 (base 4) in base 16?
5637
What is -49833 (base 11) in base 2?
-10001011101111011
What is -1354b49 (base 14) in base 12?
-3169a79
-1132111242 (base 5) to base 7
-31133005
-517481 (base 16) to base 3
-101001012200122
-1c50956 (base 13) to base 3
-122201221000212
What is -11000110101001000010 (base 2) in base 6?
-25234454
Convert 1111001010011110 (base 2) to base 9.
104171
What is -119f78 (base 16) in base 14?
-220c76
Convert -215462114 (base 7) to base 10.
-13023770
Convert 10101110110000100000 (base 2) to base 16.
aec20
Convert -9841a7 (base 11) to base 13.
-430787
2211335 (base 6) to base 7
640115
Convert -100111100001001110001 (base 2) to base 12.
-525495
Convert -146696 (base 10) to base 4.
-203310020
What is 61250056 (base 8) in base 5?
11302243433
-117d272 (base 14) to base 5
-4120404221
Convert 331221031311 (base 4) to base 14.
22090d7
Convert -140577 (base 8) to base 11.
-34242
Convert -121121 (base 13) to base 4.
-1221023120
220220202110 (base 3) to base 8
1675710
Convert 1513576 (base 12) to base 9.
8007300
Convert 331002430 (base 5) to base 3.
2200020221120
-11001222000011 (base 3) to base 15
-2cb48a
What is 110100000110011011111 (base 2) in base 9?